{"id":646,"date":"2024-05-19T09:50:04","date_gmt":"2024-05-19T07:50:04","guid":{"rendered":"https:\/\/doukatech.fr\/?page_id=646"},"modified":"2026-04-01T09:30:59","modified_gmt":"2026-04-01T07:30:59","slug":"pb4-un-robot-pour-mars","status":"publish","type":"page","link":"https:\/\/doukatech.fr\/?page_id=646","title":{"rendered":"Pb4 &#8211; Un robot pour Mars"},"content":{"rendered":"\n<div class=\"wp-block-uagb-container uagb-block-07dd24c9 alignfull uagb-is-root-container\"><div class=\"uagb-container-inner-blocks-wrap\">\n<div class=\"wp-block-uagb-container uagb-block-5321a237\">\n<h2 class=\"wp-block-heading has-ast-global-color-7-color has-text-color has-link-color wp-elements-0736e79121e4ed16a5ff505ce1bb910a\"><a href=\"https:\/\/doukatech.fr\/?page_id=409\" data-type=\"link\" data-id=\"https:\/\/doukatech.fr\/?page_id=409\">Pb4 &#8211; Un robot pour Mars<\/a><\/h2>\n\n\n\n<h2 class=\"wp-block-heading has-ast-global-color-4-color has-text-color has-link-color has-large-font-size wp-elements-dcb0eb56923b8f2feb94dd74bf45a17e\" style=\"padding-right:var(--wp--preset--spacing--80);padding-left:var(--wp--preset--spacing--80)\">S\u00e9ance 1 : Montage et test du prototype<\/h2>\n\n\n\n<h2 class=\"wp-block-heading has-ast-global-color-3-color has-text-color has-link-color has-medium-font-size wp-elements-86f81b2a335b91b7908dcef0a6ad880d\" style=\"margin-top:0px;margin-bottom:0px;padding-top:0px;padding-right:10rem;padding-bottom:0px;padding-left:10rem;font-style:italic;font-weight:200\">Gamme de montage, gestion de projet et validation d&rsquo;un objet<\/h2>\n\n\n\n<div class=\"wp-block-uagb-container uagb-block-01d31f88 alignfull uagb-is-root-container\"><div class=\"uagb-container-inner-blocks-wrap\">\n<div class=\"wp-block-uagb-container uagb-block-91a1ce99\">\n<h2 class=\"wp-block-heading has-text-align-center has-white-color has-text-color has-link-color has-medium-font-size wp-elements-5a079119af1a1de42574e27f3b114b57\">Feuille d&rsquo;activit\u00e9<\/h2>\n\n\n\n<div class=\"wp-block-columns is-layout-flex wp-container-core-columns-is-layout-28f84493 wp-block-columns-is-layout-flex\">\n<div class=\"wp-block-column is-layout-flow wp-block-column-is-layout-flow\" style=\"flex-basis:100%\">\n<div data-wp-interactive=\"core\/file\" class=\"wp-block-file\"><object data-wp-bind--hidden=\"!state.hasPdfPreview\" hidden class=\"wp-block-file__embed\" data=\"https:\/\/doukatech.fr\/wp-content\/uploads\/2026\/04\/Pb4-Seance1-Montage-du-prototype.pdf\" type=\"application\/pdf\" style=\"width:100%;height:200px\" aria-label=\"Contenu embarqu\u00e9 Pb4-S\u00e9ance1 - Montage du prototype.\"><\/object><a id=\"wp-block-file--media-f163069e-e115-4f10-ae43-e0623d75f800\" href=\"https:\/\/doukatech.fr\/wp-content\/uploads\/2026\/04\/Pb4-Seance1-Montage-du-prototype.pdf\">Pb4-S\u00e9ance1 &#8211; Montage du prototype<\/a><\/div>\n<\/div>\n<\/div>\n<\/div>\n\n\n\n<div class=\"wp-block-uagb-container uagb-block-d5d5e467\">\n<h2 class=\"wp-block-heading has-text-align-center has-luminous-vivid-amber-color has-text-color has-link-color has-medium-font-size wp-elements-c4cb4d20a81355bd327c418785f9cac4\">Gamme de montage<\/h2>\n\n\n\n<figure class=\"wp-block-image size-large is-resized\"><a href=\"https:\/\/doukatech.fr\/internet\/montage_robot_5eme\/montage_robot_5eme.html\" target=\"_blank\" rel=\"noreferrer noopener\"><img loading=\"lazy\" decoding=\"async\" width=\"1024\" height=\"576\" src=\"https:\/\/doukatech.fr\/wp-content\/uploads\/2024\/05\/gamme_de_montage-1024x576.jpg\" alt=\"\" class=\"wp-image-622\" style=\"width:auto;height:200px\" srcset=\"https:\/\/doukatech.fr\/wp-content\/uploads\/2024\/05\/gamme_de_montage-1024x576.jpg 1024w, https:\/\/doukatech.fr\/wp-content\/uploads\/2024\/05\/gamme_de_montage-300x169.jpg 300w, https:\/\/doukatech.fr\/wp-content\/uploads\/2024\/05\/gamme_de_montage-768x432.jpg 768w, https:\/\/doukatech.fr\/wp-content\/uploads\/2024\/05\/gamme_de_montage.jpg 1280w\" sizes=\"auto, (max-width: 1024px) 100vw, 1024px\" \/><\/a><\/figure>\n<\/div>\n\n\n\n<div class=\"wp-block-uagb-container uagb-block-6ce5d677\">\n<h2 class=\"wp-block-heading has-text-align-center has-luminous-vivid-amber-color has-text-color has-link-color has-medium-font-size wp-elements-c7c5c39f0f5a7bbed916836cbd80b24c\">Cours de pilotage<\/h2>\n\n\n\n<figure class=\"wp-block-image size-large is-resized\"><a href=\"https:\/\/doukatech.fr\/internet\/cours_pilotage_5eme\/cours_pilotage_5eme.html\" target=\"_blank\" rel=\"noreferrer noopener\"><img loading=\"lazy\" decoding=\"async\" width=\"1024\" height=\"576\" src=\"https:\/\/doukatech.fr\/wp-content\/uploads\/2024\/05\/cours_de_pilotage-1024x576.jpg\" alt=\"\" class=\"wp-image-623\" style=\"width:auto;height:200px\" srcset=\"https:\/\/doukatech.fr\/wp-content\/uploads\/2024\/05\/cours_de_pilotage-1024x576.jpg 1024w, https:\/\/doukatech.fr\/wp-content\/uploads\/2024\/05\/cours_de_pilotage-300x169.jpg 300w, https:\/\/doukatech.fr\/wp-content\/uploads\/2024\/05\/cours_de_pilotage-768x432.jpg 768w, https:\/\/doukatech.fr\/wp-content\/uploads\/2024\/05\/cours_de_pilotage.jpg 1280w\" sizes=\"auto, (max-width: 1024px) 100vw, 1024px\" \/><\/a><\/figure>\n<\/div>\n<\/div><\/div>\n\n\n\n<h2 class=\"wp-block-heading has-ast-global-color-4-color has-text-color has-link-color has-large-font-size wp-elements-f0398ddc8d2f190517a279665259a7ca\" style=\"padding-right:var(--wp--preset--spacing--80);padding-left:var(--wp--preset--spacing--80)\">S\u00e9ance 2 : Ajouter une nouvelle fonction<\/h2>\n\n\n\n<h2 class=\"wp-block-heading has-ast-global-color-3-color has-text-color has-link-color has-medium-font-size wp-elements-7567937437cfb719d4b683d494abb8c4\" style=\"margin-top:0px;margin-bottom:0px;padding-top:0px;padding-right:10rem;padding-bottom:0px;padding-left:10rem;font-style:italic;font-weight:200\">Conception , fabrication et validation d&rsquo;id\u00e9e<\/h2>\n\n\n\n<div class=\"wp-block-uagb-container uagb-block-773bc28d alignfull uagb-is-root-container\"><div class=\"uagb-container-inner-blocks-wrap\">\n<div class=\"wp-block-uagb-container uagb-block-e0e96390\">\n<h2 class=\"wp-block-heading has-text-align-center has-white-color has-text-color has-link-color has-medium-font-size wp-elements-5a079119af1a1de42574e27f3b114b57\">Feuille d&rsquo;activit\u00e9<\/h2>\n\n\n\n<div class=\"wp-block-columns is-layout-flex wp-container-core-columns-is-layout-28f84493 wp-block-columns-is-layout-flex\">\n<div class=\"wp-block-column is-layout-flow wp-block-column-is-layout-flow\" style=\"flex-basis:100%\">\n<div data-wp-interactive=\"core\/file\" class=\"wp-block-file\"><object data-wp-bind--hidden=\"!state.hasPdfPreview\" hidden class=\"wp-block-file__embed\" data=\"https:\/\/doukatech.fr\/wp-content\/uploads\/2026\/04\/Pb4-Seance2-Ajouter-une-nouvelle-fonction.pdf\" type=\"application\/pdf\" style=\"width:100%;height:200px\" aria-label=\"Contenu embarqu\u00e9 Pb4-S\u00e9ance2 - Ajouter une nouvelle fonction.\"><\/object><a id=\"wp-block-file--media-0129a662-22be-4280-b684-28fb30ac5ba2\" href=\"https:\/\/doukatech.fr\/wp-content\/uploads\/2026\/04\/Pb4-Seance2-Ajouter-une-nouvelle-fonction.pdf\">Pb4-S\u00e9ance2 &#8211; Ajouter une nouvelle fonction<\/a><\/div>\n<\/div>\n<\/div>\n<\/div>\n\n\n\n<div class=\"wp-block-uagb-container uagb-block-971ef48a\">\n<h2 class=\"wp-block-heading has-text-align-center has-luminous-vivid-amber-color has-text-color has-link-color has-medium-font-size wp-elements-d7bf0061547b3e7ef5bde55646aef5af\">Aide SketchUp<\/h2>\n\n\n\n<figure class=\"wp-block-image size-full is-resized\"><a href=\"https:\/\/doukatech.fr\/internet\/sketchup\/sketchup.html\" target=\"_blank\" rel=\"noreferrer noopener\"><img loading=\"lazy\" decoding=\"async\" width=\"640\" height=\"360\" src=\"https:\/\/doukatech.fr\/wp-content\/uploads\/2024\/06\/Sketchup2.jpg\" alt=\"\" class=\"wp-image-715\" style=\"width:auto;height:200px\" srcset=\"https:\/\/doukatech.fr\/wp-content\/uploads\/2024\/06\/Sketchup2.jpg 640w, https:\/\/doukatech.fr\/wp-content\/uploads\/2024\/06\/Sketchup2-300x169.jpg 300w\" sizes=\"auto, (max-width: 640px) 100vw, 640px\" \/><\/a><\/figure>\n<\/div>\n\n\n\n<div class=\"wp-block-uagb-container uagb-block-ad0d468b\">\n<h2 class=\"wp-block-heading has-text-align-center has-luminous-vivid-amber-color has-text-color has-link-color has-medium-font-size wp-elements-68a1b3646e73d6f4cccae89bb6c17764\">Les machines de l&rsquo;atelier<\/h2>\n\n\n\n<figure class=\"wp-block-image size-full is-resized\"><a href=\"https:\/\/doukatech.fr\/internet\/les_machines\/les_machines.html\" target=\"_blank\" rel=\"noreferrer noopener\"><img loading=\"lazy\" decoding=\"async\" width=\"640\" height=\"360\" src=\"https:\/\/doukatech.fr\/wp-content\/uploads\/2024\/03\/les_machines.jpg\" alt=\"\" class=\"wp-image-484\" style=\"width:auto;height:200px\" srcset=\"https:\/\/doukatech.fr\/wp-content\/uploads\/2024\/03\/les_machines.jpg 640w, https:\/\/doukatech.fr\/wp-content\/uploads\/2024\/03\/les_machines-300x169.jpg 300w\" sizes=\"auto, (max-width: 640px) 100vw, 640px\" \/><\/a><\/figure>\n<\/div>\n<\/div><\/div>\n\n\n\n<div class=\"wp-block-uagb-container uagb-block-68300713 alignfull uagb-is-root-container\"><div class=\"uagb-container-inner-blocks-wrap\">\n<div class=\"wp-block-uagb-container uagb-block-80d1818c\">\n<h2 class=\"wp-block-heading has-text-align-center has-luminous-vivid-amber-color has-text-color has-link-color has-medium-font-size wp-elements-4f930a3d63a8418f385e80f9f4704b37\">Les outils de mesures<\/h2>\n\n\n\n<figure class=\"wp-block-image size-full is-resized\"><a href=\"https:\/\/doukatech.fr\/internet\/outils_mesures\/outils_mesures.html\" target=\"_blank\" rel=\"noreferrer noopener\"><img loading=\"lazy\" decoding=\"async\" width=\"640\" height=\"360\" src=\"https:\/\/doukatech.fr\/wp-content\/uploads\/2025\/06\/outils_mesures.jpg\" alt=\"\" class=\"wp-image-988\" style=\"width:auto;height:200px\" srcset=\"https:\/\/doukatech.fr\/wp-content\/uploads\/2025\/06\/outils_mesures.jpg 640w, https:\/\/doukatech.fr\/wp-content\/uploads\/2025\/06\/outils_mesures-300x169.jpg 300w\" sizes=\"auto, (max-width: 640px) 100vw, 640px\" \/><\/a><\/figure>\n<\/div>\n\n\n\n<div class=\"wp-block-uagb-container uagb-block-f05efc77\">\n<h2 class=\"wp-block-heading has-text-align-center has-luminous-vivid-amber-color has-text-color has-link-color has-medium-font-size wp-elements-8e4d17b6057e941bebc07d569b38523f\">D\u00e9couvrir les mat\u00e9riaux<\/h2>\n\n\n\n<figure class=\"wp-block-image size-full is-resized\"><a href=\"https:\/\/doukatech.fr\/internet\/les_materiaux\/les_materiaux.html\" target=\"_blank\" rel=\"noreferrer noopener\"><img loading=\"lazy\" decoding=\"async\" width=\"640\" height=\"360\" src=\"https:\/\/doukatech.fr\/wp-content\/uploads\/2024\/03\/les_materiaux.jpg\" alt=\"\" class=\"wp-image-482\" style=\"width:auto;height:200px\" srcset=\"https:\/\/doukatech.fr\/wp-content\/uploads\/2024\/03\/les_materiaux.jpg 640w, https:\/\/doukatech.fr\/wp-content\/uploads\/2024\/03\/les_materiaux-300x169.jpg 300w\" sizes=\"auto, (max-width: 640px) 100vw, 640px\" \/><\/a><\/figure>\n<\/div>\n\n\n\n<div class=\"wp-block-uagb-container uagb-block-cf9d29c8\"><\/div>\n<\/div><\/div>\n\n\n\n<h2 class=\"wp-block-heading has-ast-global-color-4-color has-text-color has-link-color has-large-font-size wp-elements-989ec09e9d89fef564f89ee245c3bba8\" style=\"padding-right:var(--wp--preset--spacing--80);padding-left:var(--wp--preset--spacing--80)\">S\u00e9ance 3 : Programmer la nouvelle fonction<\/h2>\n\n\n\n<h2 class=\"wp-block-heading has-ast-global-color-3-color has-text-color has-link-color has-medium-font-size wp-elements-6ed4aa843186a2c7615238e4a9b96dcf\" style=\"margin-top:0px;margin-bottom:0px;padding-top:0px;padding-right:10rem;padding-bottom:0px;padding-left:10rem;font-style:italic;font-weight:200\">Programmation de  la nouvelle fonction<\/h2>\n\n\n\n<div class=\"wp-block-uagb-container uagb-block-21fb449b alignfull uagb-is-root-container\"><div class=\"uagb-container-inner-blocks-wrap\">\n<div class=\"wp-block-uagb-container uagb-block-7487465f\">\n<h2 class=\"wp-block-heading has-text-align-center has-white-color has-text-color has-link-color has-medium-font-size wp-elements-5a079119af1a1de42574e27f3b114b57\">Feuille d&rsquo;activit\u00e9<\/h2>\n\n\n\n<div class=\"wp-block-columns is-layout-flex wp-container-core-columns-is-layout-28f84493 wp-block-columns-is-layout-flex\">\n<div class=\"wp-block-column is-layout-flow wp-block-column-is-layout-flow\" style=\"flex-basis:100%\">\n<div data-wp-interactive=\"core\/file\" class=\"wp-block-file\"><object data-wp-bind--hidden=\"!state.hasPdfPreview\" hidden class=\"wp-block-file__embed\" data=\"https:\/\/doukatech.fr\/wp-content\/uploads\/2026\/04\/Pb4-Seance3-Programmer-la-fonction.pdf\" type=\"application\/pdf\" style=\"width:100%;height:200px\" aria-label=\"Contenu embarqu\u00e9 Pb4-S\u00e9ance3 - Programmer la fonction.\"><\/object><a id=\"wp-block-file--media-795a4846-aafd-4f35-be4b-bdd6f42a6651\" href=\"https:\/\/doukatech.fr\/wp-content\/uploads\/2026\/04\/Pb4-Seance3-Programmer-la-fonction.pdf\">Pb4-S\u00e9ance3 &#8211; Programmer la fonction<\/a><\/div>\n<\/div>\n<\/div>\n<\/div>\n\n\n\n<div class=\"wp-block-uagb-container uagb-block-8b0c3d29\">\n<h2 class=\"wp-block-heading has-text-align-center has-luminous-vivid-amber-color has-text-color has-link-color has-medium-font-size wp-elements-ae0c48a4608b5772b31739c00d05d421\">Aide programmation<\/h2>\n\n\n\n<figure class=\"wp-block-image size-full is-resized\"><a href=\"https:\/\/doukatech.fr\/internet\/aide_programmation\/aide_programmation.html\" target=\"_blank\" rel=\"noreferrer noopener\"><img loading=\"lazy\" decoding=\"async\" width=\"640\" height=\"360\" src=\"https:\/\/doukatech.fr\/wp-content\/uploads\/2024\/03\/aide_programmation.jpg\" alt=\"\" class=\"wp-image-494\" style=\"width:auto;height:200px\" srcset=\"https:\/\/doukatech.fr\/wp-content\/uploads\/2024\/03\/aide_programmation.jpg 640w, https:\/\/doukatech.fr\/wp-content\/uploads\/2024\/03\/aide_programmation-300x169.jpg 300w\" sizes=\"auto, (max-width: 640px) 100vw, 640px\" \/><\/a><\/figure>\n<\/div>\n\n\n\n<div class=\"wp-block-uagb-container uagb-block-16734a58\">\n<h2 class=\"wp-block-heading has-text-align-center has-luminous-vivid-amber-color has-text-color has-link-color has-medium-font-size wp-elements-c7c5c39f0f5a7bbed916836cbd80b24c\">Cours de pilotage<\/h2>\n\n\n\n<figure class=\"wp-block-image size-large is-resized\"><a href=\"https:\/\/doukatech.fr\/internet\/cours_pilotage_5eme\/cours_pilotage_5eme.html\" target=\"_blank\" rel=\"noreferrer noopener\"><img loading=\"lazy\" decoding=\"async\" width=\"1024\" height=\"576\" src=\"https:\/\/doukatech.fr\/wp-content\/uploads\/2024\/05\/cours_de_pilotage-1024x576.jpg\" alt=\"\" class=\"wp-image-623\" style=\"width:auto;height:200px\" srcset=\"https:\/\/doukatech.fr\/wp-content\/uploads\/2024\/05\/cours_de_pilotage-1024x576.jpg 1024w, https:\/\/doukatech.fr\/wp-content\/uploads\/2024\/05\/cours_de_pilotage-300x169.jpg 300w, https:\/\/doukatech.fr\/wp-content\/uploads\/2024\/05\/cours_de_pilotage-768x432.jpg 768w, https:\/\/doukatech.fr\/wp-content\/uploads\/2024\/05\/cours_de_pilotage.jpg 1280w\" sizes=\"auto, (max-width: 1024px) 100vw, 1024px\" \/><\/a><\/figure>\n<\/div>\n<\/div><\/div>\n\n\n\n<h2 class=\"wp-block-heading has-ast-global-color-4-color has-text-color has-link-color has-large-font-size wp-elements-f2574cd30d9c8e4febaa8effbdfd0814\" style=\"padding-right:var(--wp--preset--spacing--80);padding-left:var(--wp--preset--spacing--80)\">S\u00e9ance 4 : Adapter le robot \u00e0 Mars, concours de pilotage et revue de projet<\/h2>\n\n\n\n<h2 class=\"wp-block-heading has-ast-global-color-3-color has-text-color has-link-color has-medium-font-size wp-elements-ee9be9cf1234bb46717faeaba494ae09\" style=\"margin-top:0px;margin-bottom:0px;padding-top:0px;padding-right:10rem;padding-bottom:0px;padding-left:10rem;font-style:italic;font-weight:200\">Adaptation d&rsquo;un OST \u00e0 son environnement, revue de projet avec un  petit concours de programmation<\/h2>\n\n\n\n<div class=\"wp-block-uagb-container uagb-block-852c776b alignfull uagb-is-root-container\"><div class=\"uagb-container-inner-blocks-wrap\">\n<div class=\"wp-block-uagb-container uagb-block-7c06158b\">\n<h2 class=\"wp-block-heading has-text-align-center has-white-color has-text-color has-link-color has-medium-font-size wp-elements-5a079119af1a1de42574e27f3b114b57\">Feuille d&rsquo;activit\u00e9<\/h2>\n\n\n\n<div class=\"wp-block-columns is-layout-flex wp-container-core-columns-is-layout-28f84493 wp-block-columns-is-layout-flex\">\n<div class=\"wp-block-column is-layout-flow wp-block-column-is-layout-flow\" style=\"flex-basis:100%\">\n<div data-wp-interactive=\"core\/file\" class=\"wp-block-file\"><object data-wp-bind--hidden=\"!state.hasPdfPreview\" hidden class=\"wp-block-file__embed\" data=\"https:\/\/doukatech.fr\/wp-content\/uploads\/2026\/04\/Pb4-Seance4-Adapter-le-robot-a-Mars.pdf\" type=\"application\/pdf\" style=\"width:100%;height:200px\" aria-label=\"Contenu embarqu\u00e9 Pb4-S\u00e9ance4 - Adapter le robot \u00e0 Mars.\"><\/object><a id=\"wp-block-file--media-f252f784-a832-4142-a1f9-311ef68aa813\" href=\"https:\/\/doukatech.fr\/wp-content\/uploads\/2026\/04\/Pb4-Seance4-Adapter-le-robot-a-Mars.pdf\">Pb4-S\u00e9ance4 &#8211; Adapter le robot \u00e0 Mars<\/a><\/div>\n<\/div>\n<\/div>\n<\/div>\n\n\n\n<div class=\"wp-block-uagb-container uagb-block-cab9c0a0\">\n<h2 class=\"wp-block-heading has-text-align-center has-luminous-vivid-amber-color has-text-color has-link-color has-medium-font-size wp-elements-4cebfb5c155d3aec54b6fb922c18b488\">Energie et cha\u00eene d&rsquo;\u00e9nergie<\/h2>\n\n\n\n<figure class=\"wp-block-image size-full is-resized\"><a href=\"https:\/\/doukatech.fr\/internet\/la_chaine_energie_5\/la_chaine_energie_5.html\" target=\"_blank\" rel=\"noreferrer noopener\"><img loading=\"lazy\" decoding=\"async\" width=\"640\" height=\"360\" src=\"https:\/\/doukatech.fr\/wp-content\/uploads\/2024\/03\/la_chaine_energie.jpg\" alt=\"\" class=\"wp-image-487\" style=\"width:auto;height:200px\" srcset=\"https:\/\/doukatech.fr\/wp-content\/uploads\/2024\/03\/la_chaine_energie.jpg 640w, https:\/\/doukatech.fr\/wp-content\/uploads\/2024\/03\/la_chaine_energie-300x169.jpg 300w\" sizes=\"auto, (max-width: 640px) 100vw, 640px\" \/><\/a><\/figure>\n<\/div>\n\n\n\n<div class=\"wp-block-uagb-container uagb-block-ab2c9d88\">\n<h2 class=\"wp-block-heading has-text-align-center has-luminous-vivid-amber-color has-text-color has-link-color has-medium-font-size wp-elements-c7c5c39f0f5a7bbed916836cbd80b24c\">Cours de pilotage<\/h2>\n\n\n\n<figure class=\"wp-block-image size-full is-resized\"><a href=\"https:\/\/doukatech.fr\/internet\/cours_pilotage_5eme\/cours_pilotage_5eme.html\" target=\"_blank\" rel=\"noreferrer noopener\"><img loading=\"lazy\" decoding=\"async\" width=\"1280\" height=\"720\" src=\"https:\/\/doukatech.fr\/wp-content\/uploads\/2024\/05\/cours_de_pilotage.jpg\" alt=\"\" class=\"wp-image-623\" style=\"width:auto;height:200px\" srcset=\"https:\/\/doukatech.fr\/wp-content\/uploads\/2024\/05\/cours_de_pilotage.jpg 1280w, https:\/\/doukatech.fr\/wp-content\/uploads\/2024\/05\/cours_de_pilotage-300x169.jpg 300w, https:\/\/doukatech.fr\/wp-content\/uploads\/2024\/05\/cours_de_pilotage-1024x576.jpg 1024w, https:\/\/doukatech.fr\/wp-content\/uploads\/2024\/05\/cours_de_pilotage-768x432.jpg 768w\" sizes=\"auto, (max-width: 1280px) 100vw, 1280px\" \/><\/a><\/figure>\n<\/div>\n<\/div><\/div>\n\n\n\n<h2 class=\"wp-block-heading has-pale-cyan-blue-color has-text-color has-link-color has-large-font-size wp-elements-2946c70fc7631e5c0fb9a4e65b771302\" style=\"padding-right:var(--wp--preset--spacing--80);padding-left:var(--wp--preset--spacing--80)\">Synth\u00e8se de la probl\u00e9matique 4<\/h2>\n\n\n\n<div class=\"wp-block-group is-nowrap is-layout-flex wp-container-core-group-is-layout-6c531013 wp-block-group-is-layout-flex\">\n<div class=\"wp-block-uagb-container uagb-block-7770914e\">\n<h2 class=\"wp-block-heading has-text-align-center has-white-color has-text-color has-link-color has-medium-font-size wp-elements-e8bddbd1397174e4d0fbd495e66d4323\">Feuille de synth\u00e8se<\/h2>\n\n\n\n<div class=\"wp-block-columns is-layout-flex wp-container-core-columns-is-layout-28f84493 wp-block-columns-is-layout-flex\">\n<div class=\"wp-block-column is-layout-flow wp-block-column-is-layout-flow\" style=\"flex-basis:100%\"><\/div>\n<\/div>\n<\/div>\n\n\n\n<div class=\"wp-block-uagb-container uagb-block-4e5b1aa5\"><\/div>\n\n\n\n<div class=\"wp-block-uagb-container uagb-block-c53d521b\"><\/div>\n<\/div>\n<\/div>\n<\/div><\/div>\n","protected":false},"excerpt":{"rendered":"<p>Pb4 &#8211; Un robot pour Mars S\u00e9ance 1 : Montage et test du prototype Gamme de montage, gestion de projet et validation d&rsquo;un objet Feuille d&rsquo;activit\u00e9 Gamme de montage Cours de pilotage S\u00e9ance 2 : Ajouter une nouvelle fonction Conception , fabrication et validation d&rsquo;id\u00e9e Feuille d&rsquo;activit\u00e9 Aide SketchUp Les machines de l&rsquo;atelier Les outils [&hellip;]<\/p>\n","protected":false},"author":1,"featured_media":0,"parent":162,"menu_order":4,"comment_status":"closed","ping_status":"closed","template":"","meta":{"_uag_custom_page_level_css":"","site-sidebar-layout":"default","site-content-layout":"","ast-site-content-layout":"","site-content-style":"default","site-sidebar-style":"default","ast-global-header-display":"","ast-banner-title-visibility":"","ast-main-header-display":"","ast-hfb-above-header-display":"","ast-hfb-below-header-display":"","ast-hfb-mobile-header-display":"","site-post-title":"","ast-breadcrumbs-content":"","ast-featured-img":"","footer-sml-layout":"","theme-transparent-header-meta":"","adv-header-id-meta":"","stick-header-meta":"","header-above-stick-meta":"","header-main-stick-meta":"","header-below-stick-meta":"","astra-migrate-meta-layouts":"default","ast-page-background-enabled":"default","ast-page-background-meta":{"desktop":{"background-color":"var(--ast-global-color-4)","background-image":"","background-repeat":"repeat","background-position":"center center","background-size":"auto","background-attachment":"scroll","background-type":"","background-media":"","overlay-type":"","overlay-color":"","overlay-opacity":"","overlay-gradient":""},"tablet":{"background-color":"","background-image":"","background-repeat":"repeat","background-position":"center center","background-size":"auto","background-attachment":"scroll","background-type":"","background-media":"","overlay-type":"","overlay-color":"","overlay-opacity":"","overlay-gradient":""},"mobile":{"background-color":"","background-image":"","background-repeat":"repeat","background-position":"center center","background-size":"auto","background-attachment":"scroll","background-type":"","background-media":"","overlay-type":"","overlay-color":"","overlay-opacity":"","overlay-gradient":""}},"ast-content-background-meta":{"desktop":{"background-color":"var(--ast-global-color-5)","background-image":"","background-repeat":"repeat","background-position":"center center","background-size":"auto","background-attachment":"scroll","background-type":"","background-media":"","overlay-type":"","overlay-color":"","overlay-opacity":"","overlay-gradient":""},"tablet":{"background-color":"var(--ast-global-color-5)","background-image":"","background-repeat":"repeat","background-position":"center center","background-size":"auto","background-attachment":"scroll","background-type":"","background-media":"","overlay-type":"","overlay-color":"","overlay-opacity":"","overlay-gradient":""},"mobile":{"background-color":"var(--ast-global-color-5)","background-image":"","background-repeat":"repeat","background-position":"center center","background-size":"auto","background-attachment":"scroll","background-type":"","background-media":"","overlay-type":"","overlay-color":"","overlay-opacity":"","overlay-gradient":""}},"footnotes":""},"class_list":["post-646","page","type-page","status-publish","hentry"],"uagb_featured_image_src":{"full":false,"thumbnail":false,"medium":false,"medium_large":false,"large":false,"1536x1536":false,"2048x2048":false},"uagb_author_info":{"display_name":"Drapeau","author_link":"https:\/\/doukatech.fr\/?author=1"},"uagb_comment_info":0,"uagb_excerpt":"Pb4 &#8211; Un robot pour Mars S\u00e9ance 1 : Montage et test du prototype Gamme de montage, gestion de projet et validation d&rsquo;un objet Feuille d&rsquo;activit\u00e9 Gamme de montage Cours de pilotage S\u00e9ance 2 : Ajouter une nouvelle fonction Conception , fabrication et validation d&rsquo;id\u00e9e Feuille d&rsquo;activit\u00e9 Aide SketchUp Les machines de l&rsquo;atelier Les outils\u2026","_links":{"self":[{"href":"https:\/\/doukatech.fr\/index.php?rest_route=\/wp\/v2\/pages\/646","targetHints":{"allow":["GET"]}}],"collection":[{"href":"https:\/\/doukatech.fr\/index.php?rest_route=\/wp\/v2\/pages"}],"about":[{"href":"https:\/\/doukatech.fr\/index.php?rest_route=\/wp\/v2\/types\/page"}],"author":[{"embeddable":true,"href":"https:\/\/doukatech.fr\/index.php?rest_route=\/wp\/v2\/users\/1"}],"replies":[{"embeddable":true,"href":"https:\/\/doukatech.fr\/index.php?rest_route=%2Fwp%2Fv2%2Fcomments&post=646"}],"version-history":[{"count":7,"href":"https:\/\/doukatech.fr\/index.php?rest_route=\/wp\/v2\/pages\/646\/revisions"}],"predecessor-version":[{"id":1186,"href":"https:\/\/doukatech.fr\/index.php?rest_route=\/wp\/v2\/pages\/646\/revisions\/1186"}],"up":[{"embeddable":true,"href":"https:\/\/doukatech.fr\/index.php?rest_route=\/wp\/v2\/pages\/162"}],"wp:attachment":[{"href":"https:\/\/doukatech.fr\/index.php?rest_route=%2Fwp%2Fv2%2Fmedia&parent=646"}],"curies":[{"name":"wp","href":"https:\/\/api.w.org\/{rel}","templated":true}]}}